0*j + 3 + 3*j. Calculate o(i).
5
Let a = -513 + 514. Let y(t) = -6 + a + 3*t - 3*t - 10 + 2*t. What is y(8)?
1
Let s(j) be the second derivative of -j**5/20 + 13*j**4/12 - 7*j**3/2 - 3*j**2 - 4269*j. Give s(11).
5
Let g = 179 - 168. Let f be -9 - (g + -6 - 5). Let a(i) = i + 11. What is a(f)?
2
Let s = 143 - 153. Suppose -8*d + 12 = -4*d. Let t(q) = -4*q - 10*q**2 - 18*q**3 - 10 + 2*q + 17*q**d. Determine t(s).
10
Let a(p) be the third derivative of -9*p**2 + 0*p + 1/24*p**4 + 0 - p**3. Suppose 0 = j - 3. What is a(j)?
-3
Let t(k) = -7*k - 93. Let a(i) = -2*i**3 - 147*i**2 - 217*i - 85. Let w be a(-72). Calculate t(w).
-2
Let q(o) = -2*o + 11. Suppose 0 = -5*s - 3*x + 5*x - 25, 0 = -2*x. Calculate q(s).
21
Let x(b) = 36*b - 8. Let z(a) = 13*a - 3. Let j(g) = 4*x(g) - 11*z(g). Determine j(3).
4
Let c(m) = 33 - 274*m - 7 + 562*m - 292*m. Give c(10).
-14
Suppose -5*q - 80 = -5*o, -3*o + 28 = 2*q - 45. Let g(m) = -3*m + 30. Give g(o).
-33
Let j(n) = -33 + 7 + 32 - 5*n - n**2 + 0*n. Determine j(-11).
-60
Let m(w) = -3*w**2 + 29*w - 3. Suppose 0 = 2*n - 3*r - 11, 14*r - 12 = 4*n - 10. Give m(n).
-13
Suppose -4*i = -2*v + 16, 2*i + 12 = 3*v - 0. Let l = -5 + v. Let m(d) = d**2 + 5*d - 4. Determine m(l).
-10
Let u(b) be the first derivative of b**3 - b**2/2 + 67. Let f be 2/(-6) + 14/(-21). Give u(f).
4
Suppose -4*y + 7*y = -r + 17, r = 4*y - 18. Let q(g) = 0*g + g - g**2 + 0*g - y*g - 4*g - 10. Determine q(-7).
-3
Let d(h) = -h**3 + 25*h**2 - 30*h + 20. Let s be d(24). Let o = s - -64. Let m = 58 + o. Let c(l) = -6*l**2 - l + 2. Calculate c(m).
-20
Let m(v) = 2*v**3 + 5*v**2 - 6*v - 8. Suppose -13*h + 36 = -7*h - 18*h. Give m(h).
1
Let f(q) = -4 - 2*q - 9*q - 6*q - 3*q + 21*q. Determine f(20).
16
Let n(b) = b**3 + 27*b**2 - 26*b + 60. Let h be n(-28). Suppose -16 = -d - 4*y, 7 = h*d - 2*y + 15. Let a(v) = v**3 + v**2. What is a(d)?
0
Let d(g) = 8*g + 63. Let c be d(-7). Let w(f) = f + 10. Let x(i) = 2*i + 1. Let z(t) = w(t) - 2*x(t). Calculate z(c).
-13
Suppose -5 = 2*a + 11. Let l(s) = 39*s - 40*s + 32 - 31. Let o(j) = 3*j - 8. Let g(q) = -4*l(q) - o(q). What is g(a)?
-4
Suppose 25*p - 2*p + 138 = 0. Let w(y) be the first derivative of y**3/3 + 3*y**2 - 5*y - 24. What is w(p)?
-5
Let l = 356 + -354. Let s(n) = l*n + 3*n**2 + 4*n**2 - 45 + 47 - n**2 + n + n**3. Give s(-4).
22
Let d(b) = b**2 - 34*b - 869. Let o be d(-17). Let c(v) = -6*v - 2. What is c(o)?
10
Let w be (5 + -21 - -9)*4/(-14). Let i be (-1 + w)/(9/(1 + -19)). Let v(f) = -3*f**3 - 4*f**2 - 4*f - 2. Calculate v(i).
14
Let c(l) = 8*l**2 - l - 2. Let z(d) = -25*d**2 - 11*d - 42. Let k(o) = -3*c(o) - z(o). What is k(-5)?
3
Suppose 10*s + 49 = 3*s. Let c(z) = 6*z**3 - z**2 + 9. Let q(w) = 5*w**3 - w**2 + 8. Let i(b) = s*q(b) + 6*c(b). Determine i(0).
-2
Let m(p) = p**3 + 9*p**2 + 14*p - 28. Let f be (104 + -116)*(2/4 + 0). Give m(f).
-4
Let t(a) = 16*a**2 + 8*a + 10. Let r be t(-4). Let h be 1*(8 + r/(-9)). Let p(x) = -x**2 - 19*x - 26. Give p(h).
-8
Let g(d) = 63*d**3 + 8*d - 16*d**3 + 5*d**2 - 4 - 48*d**3. Give g(6).
8
Let n(y) be the third derivative of -y**4/6 + 15*y**3/2 - 753*y**2. Determine n(15).
-15
Let l(c) = -94*c + 149. Let r(k) = 319*k - 523. Let n(o) = 17*l(o) + 5*r(o). Calculate n(-15).
-37
Let p(u) = -6*u**2 - 2*u - 1. Suppose 0*m + 2*m = 4*d + 260, -m + 125 = -d. Let w = m + -120. Let n(r) = -2*r**2 - 2*r - 1. Let t be n(w). What is p(t)?
-5
Let c = 4059 - 4059. Let d(b) = -9*b - 9. Calculate d(c).
-9
Let t = -853 - -855. Let q(y) = -32 + 3*y**2 + 10*y + 11 - 4*y**2 - y**2 - y**3 - 9*y**t. What is q(-12)?
3
Let h(u) = -25*u + 2. Let w(k) = 15*k + 1. Let y(g) = -5*h(g) - 8*w(g). Calculate y(15).
57
Let s(j) = 51*j + 217. Suppose 0 = -99*q + 4345 - 4741. Give s(q).
13
Let p = -2806 - -2799. Let u(r) = -3*r + 4. Give u(p).
25
Let d(s) = -2*s**2 - 2*s + 5*s - 2 + 0*s**2. Let y(u) = -u**3 + 10*u**2 - 22*u - 10. Let p be y(6). Suppose 3*z = -4*g + 3*g + 2, -2*z + 12 = -p*g. Give d(z).
-4
Let p(b) = -20*b - 21. Let v(r) = 7*r + 7. Let y(j) = -6*p(j) - 17*v(j). Let f be (-826)/(-59) + -21 + 2. Give y(f).
2
Let c(a) = -34*a - 172. Let y = -12484 + 12479. Give c(y).
-2
Let o(t) = t**3 + 27*t**2 - 28*t - 6. Let n be 2370/(-75) - -4 - (-2)/(-5). Determine o(n).
-6
Let w(t) = 3*t**3 + 6*t**2 - 10*t - 2. Let d(g) = 4*g**3 + 6*g**2 - 10*g - 2. Let r(n) = -2*d(n) + 3*w(n). Give r(-8).
-50
Let o(v) be the second derivative of v**5/20 - 7*v**4/12 + 4*v**3/3 - 2*v**2 - 1198*v. Let l be 22/(-33)*(-30)/4. Determine o(l).
-14
Let r(s) be the first derivative of s**4/4 - s**3/6 + s**2 + 5*s + 35. Let f(h) be the first derivative of r(h). What is f(2)?
12
Suppose -3*b + 3*v - 361 = -1918, -1026 = -2*b + 5*v. Let g = -519 + b. Let a(p) = -p - 2. Determine a(g).
-6
Let t(n) = 6*n**3 + 6*n**2 - 6*n. Let f be t(1). Let q = 22 - 23. Let p(a) = 10*a - 5. Let o(z) = -z. Let b(y) = q*p(y) - 6*o(y). Calculate b(f).
-19
Let w(z) = -25*z + 1. Let p(h) = -4*h. Let v(x) = -38*p(x) + 6*w(x). Let q = -6 - -11. Suppose 0 = r - 2*r - 3, -2*y = q*r + 25. Calculate v(y).
-4
Let d(k) = -18*k + 143. Let v(b) = 14*b - 163. Let l(c) = -5*d(c) - 6*v(c). What is l(-45)?
-7
Suppose 4*w + 15*w = -327 + 156. Let b(p) be the first derivative of 0*p**2 - 1/4*p**4 + 3 + 8*p - 3*p**3. Determine b(w).
8
Let u(q) = -q**3 - 8*q**2 + 8*q - 5. Let d(h) = -10*h**3 + 69*h**2 + 6*h - 2. Let c be d(7). Give u(c).
4
Suppose -p - 2*p = 45. Let m = p - -26. Let s(u) = -10*u**2 + m*u**2 - 6*u + 10*u. Calculate s(-4).
0
Let z(s) = -s**3 + 24*s**2 + 25*s - 43. Suppose -289*x = -4775 - 2450. Determine z(x).
-43
Suppose -5*f + i = -22, -2 = -2*i + 4. Let w(x) = 0*x + 0*x + 3*x + 2*x + f. Let v be w(-2). Let m(p) = p**2 + 4*p. Give m(v).
5
Let k(x) be the first derivative of 5*x**3/3 + 5*x**2/2 - 2*x + 4778. Give k(-2).
8
Let z(y) = y**3 + 26*y**2 - 22*y + 122. Suppose -52*s + 159 = -5*n - 48*s, -4*n - 96 = 2*s. What is z(n)?
-13
Let j be 326/489 - (-4)/((-48)/(-412)). Let p(s) = 3*s - 117. Give p(j).
-12
Let x(a) = -a**2 - 3*a + 1. Let w be x(-4). Suppose 12*k = -4 + 40. Let c(l) = 3 + 14*l**3 - 3*l - 16*l**3 + l**k - 3*l**2. What is c(w)?
12
Let q = -4949 - -4938. Let g(z) = 2*z**2 + 10*z - 12. Give g(q).
120
Let a be (-570)/152 - (-2)/(-8). Let q(h) = -h**3 - 6*h**2 - 8*h - 6. What is q(a)?
-6
Suppose c = 6439 - 6447. Let p(o) = -o**2 - 8*o - 16. Give p(c).
-16
Let h(k) be the second derivative of k**5/20 - k**4/3 - 7*k**3/6 - 7*k**2 - 5723*k. Determine h(6).
16
Let m(f) be the third derivative of -f**5/60 - f**4/12 + 19*f**3/3 + 1357*f**2. Determine m(6).
-10
Suppose d - 25 = -4*d. Let w(a) = -a**3 - a - 5. Let r(m) = m**3 + m**2 + m + 7. Let l(k) = -5*r(k) - 6*w(k). Calculate l(d).
0
Let r(s) = s**3 + 7*s**2 - s - 9. Suppose 5*x - 4 = 1. Suppose 9 = 4*q + x. Let c be (-14)/8*(q + (6 - 4)). Calculate r(c).
-2
Let o(t) = -36*t + 43 - 42*t + 79*t. Calculate o(0).
43
Let f(k) = -22*k**2 + 16*k - 5. Let a(l) = 10*l**2 - 8*l + 4. Let y(g) = -5*a(g) - 2*f(g). What is y(2)?
-18
Let z(t) = 41*t**2 + 2*t + 1. Let r(h) = 34*h + 6. Let c be r(4). Let f = c - 143. Give z(f).
40
Let r be 30/3 - (-520)/(-65). Let l(h) = -2*h**3 + 2*h**2 - 5*h + 3. What is l(r)?
-15
Let u(l) = l**3 + 5*l**2 - 16*l - 5. Suppose 555 = -104*q + 325 - 498. Determine u(q).
9
Suppose 3 = l + 7. Let b be 3 + 41/((-1)/8*l). Let k(o) = -82 + b + 0*o - o - o. What is k(5)?
-7
Let v(i) be the first derivative of -3*i - 1/3*i**3 + 0*i**2 + 1/4*i**4 - 67. Suppose 0 = 3*c + c. Determine v(c).
-3
Let b(t) = -t**2 - 10*t + 8. Let p be (-2)/((-19 - -26) + (-29)/4). Let r = 16 - 28. Let x be r/(-3) - p - 4. Calculate b(x).
24
Let f be -10 + -1 + 568/71. Let x(b) = -6*b - 28. Calculate x(f).
-10
Let x(k) be the first derivative of -3*k**3/2 - 4*k - 2. Let m(s) be the first derivative of x(s). Let v(c) = -8*c + 393. Let r be v(49). Determine m(r).
-9
Let f(g) = 6*g + 16. Let z be 1/(-20 + 18 - (-10)/6). Determine f(z).
-2
Let p(j) = 13*j**3 + 4*j**2 + 7*j + 7. Let q = 346 - 352. Let y(g) = 28*g**3 + 9*g**2 + 15*g + 15. Let x(v) = q*y(v) + 13*p(v). Determine x(2).
3
Let q(n) be the second derivative of n**4/12 + n**3/3 - 5*n**2/2 - 95*n - 4. Give q(-3).
-2
Let m(k) = 24*k + 9. Suppose -17 = 4*i - d, 43*i - 42*i = -d - 3. Calculate m(i).
-87
Let m(p) = 12*p - 7 + 5 - 8*p. Let q(h) = 7*h - 3.